{"id":7608,"date":"2023-11-06T17:06:12","date_gmt":"2023-11-06T17:06:12","guid":{"rendered":"https:\/\/www.aeplima.pt\/aeplima\/?page_id=7608"},"modified":"2023-11-23T17:24:50","modified_gmt":"2023-11-23T17:24:50","slug":"clube-de-aeromodelismo","status":"publish","type":"page","link":"https:\/\/www.aeplima.pt\/aeplima\/clube-de-aeromodelismo\/","title":{"rendered":"Clube de Aeromodelismo"},"content":{"rendered":"\n<p><strong>Voar. Um velho sonho humano\u2026<\/strong><\/p>\n\n\n\n<p><strong>ATIVIDADE 2<\/strong>&#8211; No \u00e2mbito do projeto \u201cClube de Aeromodelismo\u201d, realizou-se no passado <strong>dia 16 de novembro no Centro Educativo da Facha <\/strong>uma atividade de divulga\u00e7\u00e3o orientada por monitores do Projeto Descolar da Liga de Aeromodelismo do C\u00e1vado. Esta atividade foi dirigida para os alunos do 3\u00ba e 4\u00ba ano, tendo estes participado muito entusiasticamente nos seus distintos momentos. Descolar \u00e9 um projeto de divulga\u00e7\u00e3o aeromodelistica desenvolvido por monitores creditados pela FPAM que pretende efetuar a divulga\u00e7\u00e3o desta atividade desportiva junto de um p\u00fablico jovem, procurando fomentar a sua eventual ades\u00e3o como futuros praticantes informados deste desporto que, no caso do agrupamento AEPL, poder\u00e1 vir a originar a constitui\u00e7\u00e3o de um clube de aeromodelismo escolar. Para al\u00e9m do elemento l\u00fadico, as atividades do Projeto Descolar procuram potenciar a grande diversidade multidisciplinar subjacente \u00e0 pr\u00e1tica do aeromodelismo, apresentando e trabalhando tem\u00e1ticas do \u00e2mbito da aerodin\u00e2mica, mec\u00e2nica, meteorologia, matem\u00e1tica, eletr\u00f3nica, etc. Al\u00e9m da aquisi\u00e7\u00e3o de conhecimentos necess\u00e1rios para a pr\u00e1tica do aeromodelismo, o contacto e aplica\u00e7\u00e3o pr\u00e1tica imediata de conhecimentos destas \u00e1reas disciplinares constitui um elemento com grande potencial na possibilidade de aproxima\u00e7\u00e3o e fomento do interesse por uma eventual atividade profissional futura para os jovens participantes destas a\u00e7\u00f5es (m\u00faltiplas engenharias, pilotagem de aeronaves, CAD e maquina\u00e7\u00e3o CNC, etc.).<\/p>\n\n\n\n<figure class=\"wp-block-gallery has-nested-images columns-default is-cropped wp-block-gallery-1 is-layout-flex wp-block-gallery-is-layout-flex\">\n<figure class=\"wp-block-image size-large\"><img loading=\"lazy\" decoding=\"async\" width=\"1024\" height=\"576\" data-id=\"7804\" src=\"https:\/\/www.aeplima.pt\/aeplima\/wp-content\/uploads\/2023\/11\/20231116_123948-1024x576.jpg\" alt=\"\" class=\"wp-image-7804\" srcset=\"https:\/\/www.aeplima.pt\/aeplima\/wp-content\/uploads\/2023\/11\/20231116_123948-1024x576.jpg 1024w, https:\/\/www.aeplima.pt\/aeplima\/wp-content\/uploads\/2023\/11\/20231116_123948-300x169.jpg 300w, https:\/\/www.aeplima.pt\/aeplima\/wp-content\/uploads\/2023\/11\/20231116_123948-768x432.jpg 768w, https:\/\/www.aeplima.pt\/aeplima\/wp-content\/uploads\/2023\/11\/20231116_123948-1536x864.jpg 1536w, https:\/\/www.aeplima.pt\/aeplima\/wp-content\/uploads\/2023\/11\/20231116_123948-2048x1152.jpg 2048w\" sizes=\"auto, (max-width: 1024px) 100vw, 1024px\" \/><\/figure>\n\n\n\n<figure class=\"wp-block-image size-large\"><img loading=\"lazy\" decoding=\"async\" width=\"1024\" height=\"599\" data-id=\"7803\" src=\"https:\/\/www.aeplima.pt\/aeplima\/wp-content\/uploads\/2023\/11\/20231116_140153-1024x599.jpg\" alt=\"\" class=\"wp-image-7803\" srcset=\"https:\/\/www.aeplima.pt\/aeplima\/wp-content\/uploads\/2023\/11\/20231116_140153-1024x599.jpg 1024w, https:\/\/www.aeplima.pt\/aeplima\/wp-content\/uploads\/2023\/11\/20231116_140153-300x176.jpg 300w, https:\/\/www.aeplima.pt\/aeplima\/wp-content\/uploads\/2023\/11\/20231116_140153-768x449.jpg 768w, https:\/\/www.aeplima.pt\/aeplima\/wp-content\/uploads\/2023\/11\/20231116_140153-1536x899.jpg 1536w, https:\/\/www.aeplima.pt\/aeplima\/wp-content\/uploads\/2023\/11\/20231116_140153-2048x1198.jpg 2048w\" sizes=\"auto, (max-width: 1024px) 100vw, 1024px\" \/><\/figure>\n\n\n\n<figure class=\"wp-block-image size-large\"><img loading=\"lazy\" decoding=\"async\" width=\"860\" height=\"1024\" data-id=\"7808\" src=\"https:\/\/www.aeplima.pt\/aeplima\/wp-content\/uploads\/2023\/11\/20231116_141805-860x1024.jpg\" alt=\"\" class=\"wp-image-7808\" srcset=\"https:\/\/www.aeplima.pt\/aeplima\/wp-content\/uploads\/2023\/11\/20231116_141805-860x1024.jpg 860w, https:\/\/www.aeplima.pt\/aeplima\/wp-content\/uploads\/2023\/11\/20231116_141805-252x300.jpg 252w, https:\/\/www.aeplima.pt\/aeplima\/wp-content\/uploads\/2023\/11\/20231116_141805-768x914.jpg 768w, https:\/\/www.aeplima.pt\/aeplima\/wp-content\/uploads\/2023\/11\/20231116_141805-1291x1536.jpg 1291w, https:\/\/www.aeplima.pt\/aeplima\/wp-content\/uploads\/2023\/11\/20231116_141805-1721x2048.jpg 1721w\" sizes=\"auto, (max-width: 860px) 100vw, 860px\" \/><\/figure>\n\n\n\n<figure class=\"wp-block-image size-large\"><img loading=\"lazy\" decoding=\"async\" width=\"768\" height=\"1024\" data-id=\"7809\" src=\"https:\/\/www.aeplima.pt\/aeplima\/wp-content\/uploads\/2023\/11\/20231116_141823-768x1024.jpg\" alt=\"\" class=\"wp-image-7809\" srcset=\"https:\/\/www.aeplima.pt\/aeplima\/wp-content\/uploads\/2023\/11\/20231116_141823-768x1024.jpg 768w, https:\/\/www.aeplima.pt\/aeplima\/wp-content\/uploads\/2023\/11\/20231116_141823-225x300.jpg 225w, https:\/\/www.aeplima.pt\/aeplima\/wp-content\/uploads\/2023\/11\/20231116_141823-1152x1536.jpg 1152w, https:\/\/www.aeplima.pt\/aeplima\/wp-content\/uploads\/2023\/11\/20231116_141823-1536x2048.jpg 1536w, https:\/\/www.aeplima.pt\/aeplima\/wp-content\/uploads\/2023\/11\/20231116_141823-scaled.jpg 1920w\" sizes=\"auto, (max-width: 768px) 100vw, 768px\" \/><\/figure>\n\n\n\n<figure class=\"wp-block-image size-large\"><img loading=\"lazy\" decoding=\"async\" width=\"768\" height=\"1024\" data-id=\"7810\" src=\"https:\/\/www.aeplima.pt\/aeplima\/wp-content\/uploads\/2023\/11\/20231116_141847-768x1024.jpg\" alt=\"\" class=\"wp-image-7810\" srcset=\"https:\/\/www.aeplima.pt\/aeplima\/wp-content\/uploads\/2023\/11\/20231116_141847-768x1024.jpg 768w, https:\/\/www.aeplima.pt\/aeplima\/wp-content\/uploads\/2023\/11\/20231116_141847-225x300.jpg 225w, https:\/\/www.aeplima.pt\/aeplima\/wp-content\/uploads\/2023\/11\/20231116_141847-1152x1536.jpg 1152w, https:\/\/www.aeplima.pt\/aeplima\/wp-content\/uploads\/2023\/11\/20231116_141847-1536x2048.jpg 1536w, https:\/\/www.aeplima.pt\/aeplima\/wp-content\/uploads\/2023\/11\/20231116_141847-scaled.jpg 1920w\" sizes=\"auto, (max-width: 768px) 100vw, 768px\" \/><\/figure>\n\n\n\n<figure class=\"wp-block-image size-large\"><img loading=\"lazy\" decoding=\"async\" width=\"1024\" height=\"764\" data-id=\"7807\" src=\"https:\/\/www.aeplima.pt\/aeplima\/wp-content\/uploads\/2023\/11\/IMG_7550-1024x764.jpg\" alt=\"\" class=\"wp-image-7807\" srcset=\"https:\/\/www.aeplima.pt\/aeplima\/wp-content\/uploads\/2023\/11\/IMG_7550-1024x764.jpg 1024w, https:\/\/www.aeplima.pt\/aeplima\/wp-content\/uploads\/2023\/11\/IMG_7550-300x224.jpg 300w, https:\/\/www.aeplima.pt\/aeplima\/wp-content\/uploads\/2023\/11\/IMG_7550-768x573.jpg 768w, https:\/\/www.aeplima.pt\/aeplima\/wp-content\/uploads\/2023\/11\/IMG_7550-1536x1146.jpg 1536w, https:\/\/www.aeplima.pt\/aeplima\/wp-content\/uploads\/2023\/11\/IMG_7550-2048x1528.jpg 2048w\" sizes=\"auto, (max-width: 1024px) 100vw, 1024px\" \/><\/figure>\n\n\n\n<figure class=\"wp-block-image size-large\"><img loading=\"lazy\" decoding=\"async\" width=\"1024\" height=\"716\" data-id=\"7806\" src=\"https:\/\/www.aeplima.pt\/aeplima\/wp-content\/uploads\/2023\/11\/IMG_7552-1024x716.jpg\" alt=\"\" class=\"wp-image-7806\" srcset=\"https:\/\/www.aeplima.pt\/aeplima\/wp-content\/uploads\/2023\/11\/IMG_7552-1024x716.jpg 1024w, https:\/\/www.aeplima.pt\/aeplima\/wp-content\/uploads\/2023\/11\/IMG_7552-300x210.jpg 300w, https:\/\/www.aeplima.pt\/aeplima\/wp-content\/uploads\/2023\/11\/IMG_7552-768x537.jpg 768w, https:\/\/www.aeplima.pt\/aeplima\/wp-content\/uploads\/2023\/11\/IMG_7552-1536x1074.jpg 1536w, https:\/\/www.aeplima.pt\/aeplima\/wp-content\/uploads\/2023\/11\/IMG_7552-2048x1432.jpg 2048w\" sizes=\"auto, (max-width: 1024px) 100vw, 1024px\" \/><\/figure>\n\n\n\n<figure class=\"wp-block-image size-large\"><img loading=\"lazy\" decoding=\"async\" width=\"1024\" height=\"768\" data-id=\"7813\" src=\"https:\/\/www.aeplima.pt\/aeplima\/wp-content\/uploads\/2023\/11\/IMG_7553-1024x768.jpg\" alt=\"\" class=\"wp-image-7813\" srcset=\"https:\/\/www.aeplima.pt\/aeplima\/wp-content\/uploads\/2023\/11\/IMG_7553-1024x768.jpg 1024w, https:\/\/www.aeplima.pt\/aeplima\/wp-content\/uploads\/2023\/11\/IMG_7553-300x225.jpg 300w, https:\/\/www.aeplima.pt\/aeplima\/wp-content\/uploads\/2023\/11\/IMG_7553-768x576.jpg 768w, https:\/\/www.aeplima.pt\/aeplima\/wp-content\/uploads\/2023\/11\/IMG_7553-1536x1152.jpg 1536w, https:\/\/www.aeplima.pt\/aeplima\/wp-content\/uploads\/2023\/11\/IMG_7553-2048x1536.jpg 2048w\" sizes=\"auto, (max-width: 1024px) 100vw, 1024px\" \/><\/figure>\n\n\n\n<figure class=\"wp-block-image size-large\"><img loading=\"lazy\" decoding=\"async\" width=\"1024\" height=\"768\" data-id=\"7812\" src=\"https:\/\/www.aeplima.pt\/aeplima\/wp-content\/uploads\/2023\/11\/IMG_7555-1024x768.jpg\" alt=\"\" class=\"wp-image-7812\" srcset=\"https:\/\/www.aeplima.pt\/aeplima\/wp-content\/uploads\/2023\/11\/IMG_7555-1024x768.jpg 1024w, https:\/\/www.aeplima.pt\/aeplima\/wp-content\/uploads\/2023\/11\/IMG_7555-300x225.jpg 300w, https:\/\/www.aeplima.pt\/aeplima\/wp-content\/uploads\/2023\/11\/IMG_7555-768x576.jpg 768w, https:\/\/www.aeplima.pt\/aeplima\/wp-content\/uploads\/2023\/11\/IMG_7555-1536x1152.jpg 1536w, https:\/\/www.aeplima.pt\/aeplima\/wp-content\/uploads\/2023\/11\/IMG_7555-2048x1536.jpg 2048w\" sizes=\"auto, (max-width: 1024px) 100vw, 1024px\" \/><\/figure>\n\n\n\n<figure class=\"wp-block-image size-large\"><img loading=\"lazy\" decoding=\"async\" width=\"1024\" height=\"789\" data-id=\"7805\" src=\"https:\/\/www.aeplima.pt\/aeplima\/wp-content\/uploads\/2023\/11\/IMG_7563-1024x789.jpg\" alt=\"\" class=\"wp-image-7805\" srcset=\"https:\/\/www.aeplima.pt\/aeplima\/wp-content\/uploads\/2023\/11\/IMG_7563-1024x789.jpg 1024w, https:\/\/www.aeplima.pt\/aeplima\/wp-content\/uploads\/2023\/11\/IMG_7563-300x231.jpg 300w, https:\/\/www.aeplima.pt\/aeplima\/wp-content\/uploads\/2023\/11\/IMG_7563-768x592.jpg 768w, https:\/\/www.aeplima.pt\/aeplima\/wp-content\/uploads\/2023\/11\/IMG_7563-1536x1184.jpg 1536w, https:\/\/www.aeplima.pt\/aeplima\/wp-content\/uploads\/2023\/11\/IMG_7563-2048x1578.jpg 2048w\" sizes=\"auto, (max-width: 1024px) 100vw, 1024px\" \/><\/figure>\n\n\n\n<figure class=\"wp-block-image size-large\"><img loading=\"lazy\" decoding=\"async\" width=\"1024\" height=\"768\" data-id=\"7811\" src=\"https:\/\/www.aeplima.pt\/aeplima\/wp-content\/uploads\/2023\/11\/IMG_7569-1024x768.jpg\" alt=\"\" class=\"wp-image-7811\" srcset=\"https:\/\/www.aeplima.pt\/aeplima\/wp-content\/uploads\/2023\/11\/IMG_7569-1024x768.jpg 1024w, https:\/\/www.aeplima.pt\/aeplima\/wp-content\/uploads\/2023\/11\/IMG_7569-300x225.jpg 300w, https:\/\/www.aeplima.pt\/aeplima\/wp-content\/uploads\/2023\/11\/IMG_7569-768x576.jpg 768w, https:\/\/www.aeplima.pt\/aeplima\/wp-content\/uploads\/2023\/11\/IMG_7569-1536x1152.jpg 1536w, https:\/\/www.aeplima.pt\/aeplima\/wp-content\/uploads\/2023\/11\/IMG_7569-2048x1536.jpg 2048w\" sizes=\"auto, (max-width: 1024px) 100vw, 1024px\" \/><\/figure>\n\n\n\n<figure class=\"wp-block-image size-large\"><img loading=\"lazy\" decoding=\"async\" width=\"1024\" height=\"755\" data-id=\"7802\" src=\"https:\/\/www.aeplima.pt\/aeplima\/wp-content\/uploads\/2023\/11\/IMG_7576-1024x755.jpg\" alt=\"\" class=\"wp-image-7802\" srcset=\"https:\/\/www.aeplima.pt\/aeplima\/wp-content\/uploads\/2023\/11\/IMG_7576-1024x755.jpg 1024w, https:\/\/www.aeplima.pt\/aeplima\/wp-content\/uploads\/2023\/11\/IMG_7576-300x221.jpg 300w, https:\/\/www.aeplima.pt\/aeplima\/wp-content\/uploads\/2023\/11\/IMG_7576-768x566.jpg 768w, https:\/\/www.aeplima.pt\/aeplima\/wp-content\/uploads\/2023\/11\/IMG_7576-1536x1132.jpg 1536w, https:\/\/www.aeplima.pt\/aeplima\/wp-content\/uploads\/2023\/11\/IMG_7576-2048x1509.jpg 2048w\" sizes=\"auto, (max-width: 1024px) 100vw, 1024px\" \/><\/figure>\n<\/figure>\n\n\n\n<p>ATIVIDADE 1- No \u00e2mbito do <strong>projeto \u201cClube de Aeromodelismo\u201d<\/strong>, realizou-se no passado dia <strong>25 de outubro<\/strong> na escola <strong>EBI\/JI da Correlh\u00e3<\/strong> uma atividade de divulga\u00e7\u00e3o orientada por monitores do Projeto Descolar da Liga de Aeromodelismo do C\u00e1vado.<\/p>\n\n\n\n<p>Esta atividade foi dirigida para os alunos <strong>do 3\u00ba e 4\u00ba ano, do 1\u00ba ciclo da escola EBI\/JI da Correlh\u00e3<\/strong>, tendo estes participado muito entusi\u00e1stica e ativamente nos seus distintos momentos.<br>Descolar \u00e9 um projeto de divulga\u00e7\u00e3o sobre aeromodelismo, desenvolvido por monitores creditados pela FPAM que pretende efetuar a divulga\u00e7\u00e3o desta atividade desportiva junto de um p\u00fablico jovem, procurando fomentar a sua eventual ades\u00e3o como futuros praticantes informados deste desporto que no caso do agrupamento AEPL, poder\u00e1 vir a originar a constitui\u00e7\u00e3o de um clube de aeromodelismo escolar.<br>Para al\u00e9m do elemento l\u00fadico, as atividades do Projeto Descolar procuram potenciar a grande<br>diversidade multidisciplinar subjacente \u00e0 pr\u00e1tica do aeromodelismo, apresentando e trabalhando tem\u00e1ticas do \u00e2mbito da aerodin\u00e2mica, mec\u00e2nica, meteorologia, matem\u00e1tica, eletr\u00f3nica, etc.<\/p>\n\n\n\n<p>Al\u00e9m da aquisi\u00e7\u00e3o de conhecimentos necess\u00e1rios para a pr\u00e1tica do aeromodelismo, o contacto e aplica\u00e7\u00e3o pr\u00e1tica imediata de conhecimentos destas \u00e1reas disciplinares constitui um elemento com grande potencial na possibilidade de aproxima\u00e7\u00e3o e fomento do interesse por uma eventual atividade profissional futura para os jovens participantes destas a\u00e7\u00f5es (m\u00faltiplas engenharias, pilotagem de aeronaves, CAD e maquina\u00e7\u00e3o CNC, etc.).<\/p>\n\n\n\n<figure class=\"wp-block-gallery has-nested-images columns-default is-cropped wp-block-gallery-2 is-layout-flex wp-block-gallery-is-layout-flex\">\n<figure class=\"wp-block-image size-large\"><img loading=\"lazy\" decoding=\"async\" width=\"1024\" height=\"768\" data-id=\"7620\" src=\"https:\/\/www.aeplima.pt\/aeplima\/wp-content\/uploads\/2023\/11\/IMG_7520-1024x768.jpg\" alt=\"\" class=\"wp-image-7620\" srcset=\"https:\/\/www.aeplima.pt\/aeplima\/wp-content\/uploads\/2023\/11\/IMG_7520-1024x768.jpg 1024w, https:\/\/www.aeplima.pt\/aeplima\/wp-content\/uploads\/2023\/11\/IMG_7520-300x225.jpg 300w, https:\/\/www.aeplima.pt\/aeplima\/wp-content\/uploads\/2023\/11\/IMG_7520-768x576.jpg 768w, https:\/\/www.aeplima.pt\/aeplima\/wp-content\/uploads\/2023\/11\/IMG_7520-1536x1152.jpg 1536w, https:\/\/www.aeplima.pt\/aeplima\/wp-content\/uploads\/2023\/11\/IMG_7520.jpg 1824w\" sizes=\"auto, (max-width: 1024px) 100vw, 1024px\" \/><\/figure>\n\n\n\n<figure class=\"wp-block-image size-large\"><img loading=\"lazy\" decoding=\"async\" width=\"1024\" height=\"768\" data-id=\"7628\" src=\"https:\/\/www.aeplima.pt\/aeplima\/wp-content\/uploads\/2023\/11\/IMG_1947-2-1024x768.jpg\" alt=\"\" class=\"wp-image-7628\" srcset=\"https:\/\/www.aeplima.pt\/aeplima\/wp-content\/uploads\/2023\/11\/IMG_1947-2-1024x768.jpg 1024w, https:\/\/www.aeplima.pt\/aeplima\/wp-content\/uploads\/2023\/11\/IMG_1947-2-300x225.jpg 300w, https:\/\/www.aeplima.pt\/aeplima\/wp-content\/uploads\/2023\/11\/IMG_1947-2-768x576.jpg 768w, https:\/\/www.aeplima.pt\/aeplima\/wp-content\/uploads\/2023\/11\/IMG_1947-2-1536x1152.jpg 1536w, https:\/\/www.aeplima.pt\/aeplima\/wp-content\/uploads\/2023\/11\/IMG_1947-2-2048x1536.jpg 2048w\" sizes=\"auto, (max-width: 1024px) 100vw, 1024px\" \/><\/figure>\n\n\n\n<figure class=\"wp-block-image size-large\"><img loading=\"lazy\" decoding=\"async\" width=\"1024\" height=\"768\" data-id=\"7626\" src=\"https:\/\/www.aeplima.pt\/aeplima\/wp-content\/uploads\/2023\/11\/IMG_7522-1-1024x768.jpg\" alt=\"\" class=\"wp-image-7626\" srcset=\"https:\/\/www.aeplima.pt\/aeplima\/wp-content\/uploads\/2023\/11\/IMG_7522-1-1024x768.jpg 1024w, https:\/\/www.aeplima.pt\/aeplima\/wp-content\/uploads\/2023\/11\/IMG_7522-1-300x225.jpg 300w, https:\/\/www.aeplima.pt\/aeplima\/wp-content\/uploads\/2023\/11\/IMG_7522-1-768x576.jpg 768w, https:\/\/www.aeplima.pt\/aeplima\/wp-content\/uploads\/2023\/11\/IMG_7522-1-1536x1152.jpg 1536w, https:\/\/www.aeplima.pt\/aeplima\/wp-content\/uploads\/2023\/11\/IMG_7522-1.jpg 1824w\" sizes=\"auto, (max-width: 1024px) 100vw, 1024px\" \/><\/figure>\n\n\n\n<figure class=\"wp-block-image size-large\"><img loading=\"lazy\" decoding=\"async\" width=\"1024\" height=\"768\" data-id=\"7622\" src=\"https:\/\/www.aeplima.pt\/aeplima\/wp-content\/uploads\/2023\/11\/IMG_1945-1024x768.jpg\" alt=\"\" class=\"wp-image-7622\" srcset=\"https:\/\/www.aeplima.pt\/aeplima\/wp-content\/uploads\/2023\/11\/IMG_1945-1024x768.jpg 1024w, https:\/\/www.aeplima.pt\/aeplima\/wp-content\/uploads\/2023\/11\/IMG_1945-300x225.jpg 300w, https:\/\/www.aeplima.pt\/aeplima\/wp-content\/uploads\/2023\/11\/IMG_1945-768x576.jpg 768w, https:\/\/www.aeplima.pt\/aeplima\/wp-content\/uploads\/2023\/11\/IMG_1945-1536x1152.jpg 1536w, https:\/\/www.aeplima.pt\/aeplima\/wp-content\/uploads\/2023\/11\/IMG_1945-2048x1536.jpg 2048w\" sizes=\"auto, (max-width: 1024px) 100vw, 1024px\" \/><\/figure>\n\n\n\n<figure class=\"wp-block-image size-large\"><img loading=\"lazy\" decoding=\"async\" width=\"1024\" height=\"768\" data-id=\"7621\" src=\"https:\/\/www.aeplima.pt\/aeplima\/wp-content\/uploads\/2023\/11\/IMG_1944-1024x768.jpg\" alt=\"\" class=\"wp-image-7621\" srcset=\"https:\/\/www.aeplima.pt\/aeplima\/wp-content\/uploads\/2023\/11\/IMG_1944-1024x768.jpg 1024w, https:\/\/www.aeplima.pt\/aeplima\/wp-content\/uploads\/2023\/11\/IMG_1944-300x225.jpg 300w, https:\/\/www.aeplima.pt\/aeplima\/wp-content\/uploads\/2023\/11\/IMG_1944-768x576.jpg 768w, https:\/\/www.aeplima.pt\/aeplima\/wp-content\/uploads\/2023\/11\/IMG_1944-1536x1152.jpg 1536w, https:\/\/www.aeplima.pt\/aeplima\/wp-content\/uploads\/2023\/11\/IMG_1944-2048x1536.jpg 2048w\" sizes=\"auto, (max-width: 1024px) 100vw, 1024px\" \/><\/figure>\n\n\n\n<figure class=\"wp-block-image size-large\"><img loading=\"lazy\" decoding=\"async\" width=\"1024\" height=\"768\" data-id=\"7619\" src=\"https:\/\/www.aeplima.pt\/aeplima\/wp-content\/uploads\/2023\/11\/IMG_7519-1024x768.jpg\" alt=\"\" class=\"wp-image-7619\" srcset=\"https:\/\/www.aeplima.pt\/aeplima\/wp-content\/uploads\/2023\/11\/IMG_7519-1024x768.jpg 1024w, https:\/\/www.aeplima.pt\/aeplima\/wp-content\/uploads\/2023\/11\/IMG_7519-300x225.jpg 300w, https:\/\/www.aeplima.pt\/aeplima\/wp-content\/uploads\/2023\/11\/IMG_7519-768x576.jpg 768w, https:\/\/www.aeplima.pt\/aeplima\/wp-content\/uploads\/2023\/11\/IMG_7519-1536x1152.jpg 1536w, https:\/\/www.aeplima.pt\/aeplima\/wp-content\/uploads\/2023\/11\/IMG_7519.jpg 1824w\" sizes=\"auto, (max-width: 1024px) 100vw, 1024px\" \/><\/figure>\n\n\n\n<figure class=\"wp-block-image size-large\"><img loading=\"lazy\" decoding=\"async\" width=\"1024\" height=\"768\" data-id=\"7618\" src=\"https:\/\/www.aeplima.pt\/aeplima\/wp-content\/uploads\/2023\/11\/IMG_7518-1024x768.jpg\" alt=\"\" class=\"wp-image-7618\" srcset=\"https:\/\/www.aeplima.pt\/aeplima\/wp-content\/uploads\/2023\/11\/IMG_7518-1024x768.jpg 1024w, https:\/\/www.aeplima.pt\/aeplima\/wp-content\/uploads\/2023\/11\/IMG_7518-300x225.jpg 300w, https:\/\/www.aeplima.pt\/aeplima\/wp-content\/uploads\/2023\/11\/IMG_7518-768x576.jpg 768w, https:\/\/www.aeplima.pt\/aeplima\/wp-content\/uploads\/2023\/11\/IMG_7518-1536x1152.jpg 1536w, https:\/\/www.aeplima.pt\/aeplima\/wp-content\/uploads\/2023\/11\/IMG_7518.jpg 1824w\" sizes=\"auto, (max-width: 1024px) 100vw, 1024px\" \/><\/figure>\n\n\n\n<figure class=\"wp-block-image size-large\"><img loading=\"lazy\" decoding=\"async\" width=\"1024\" height=\"768\" data-id=\"7627\" src=\"https:\/\/www.aeplima.pt\/aeplima\/wp-content\/uploads\/2023\/11\/IMG_1951-1-1024x768.jpg\" alt=\"\" class=\"wp-image-7627\" srcset=\"https:\/\/www.aeplima.pt\/aeplima\/wp-content\/uploads\/2023\/11\/IMG_1951-1-1024x768.jpg 1024w, https:\/\/www.aeplima.pt\/aeplima\/wp-content\/uploads\/2023\/11\/IMG_1951-1-300x225.jpg 300w, https:\/\/www.aeplima.pt\/aeplima\/wp-content\/uploads\/2023\/11\/IMG_1951-1-768x576.jpg 768w, https:\/\/www.aeplima.pt\/aeplima\/wp-content\/uploads\/2023\/11\/IMG_1951-1-1536x1152.jpg 1536w, https:\/\/www.aeplima.pt\/aeplima\/wp-content\/uploads\/2023\/11\/IMG_1951-1-2048x1536.jpg 2048w\" sizes=\"auto, (max-width: 1024px) 100vw, 1024px\" \/><\/figure>\n\n\n\n<figure class=\"wp-block-image size-large\"><img loading=\"lazy\" decoding=\"async\" width=\"1024\" height=\"768\" data-id=\"7614\" src=\"https:\/\/www.aeplima.pt\/aeplima\/wp-content\/uploads\/2023\/11\/IMG_1956-1024x768.jpg\" alt=\"\" class=\"wp-image-7614\" srcset=\"https:\/\/www.aeplima.pt\/aeplima\/wp-content\/uploads\/2023\/11\/IMG_1956-1024x768.jpg 1024w, https:\/\/www.aeplima.pt\/aeplima\/wp-content\/uploads\/2023\/11\/IMG_1956-300x225.jpg 300w, https:\/\/www.aeplima.pt\/aeplima\/wp-content\/uploads\/2023\/11\/IMG_1956-768x576.jpg 768w, https:\/\/www.aeplima.pt\/aeplima\/wp-content\/uploads\/2023\/11\/IMG_1956-1536x1152.jpg 1536w, https:\/\/www.aeplima.pt\/aeplima\/wp-content\/uploads\/2023\/11\/IMG_1956-2048x1536.jpg 2048w\" sizes=\"auto, (max-width: 1024px) 100vw, 1024px\" \/><\/figure>\n<\/figure>\n","protected":false},"excerpt":{"rendered":"<p>Voar. Um velho sonho humano\u2026 ATIVIDADE 2&#8211; No \u00e2mbito do projeto \u201cClube de Aeromodelismo\u201d, realizou-se no passado dia 16 de novembro no Centro Educativo da Facha uma atividade de divulga\u00e7\u00e3o orientada por monitores do Projeto Descolar da Liga de Aeromodelismo do C\u00e1vado. Esta atividade foi dirigida para os alunos do 3\u00ba e 4\u00ba ano, tendo [&hellip;]<\/p>\n","protected":false},"author":4,"featured_media":0,"parent":0,"menu_order":0,"comment_status":"closed","ping_status":"closed","template":"","meta":{"footnotes":""},"class_list":["post-7608","page","type-page","status-publish","hentry"],"_links":{"self":[{"href":"https:\/\/www.aeplima.pt\/aeplima\/wp-json\/wp\/v2\/pages\/7608","targetHints":{"allow":["GET"]}}],"collection":[{"href":"https:\/\/www.aeplima.pt\/aeplima\/wp-json\/wp\/v2\/pages"}],"about":[{"href":"https:\/\/www.aeplima.pt\/aeplima\/wp-json\/wp\/v2\/types\/page"}],"author":[{"embeddable":true,"href":"https:\/\/www.aeplima.pt\/aeplima\/wp-json\/wp\/v2\/users\/4"}],"replies":[{"embeddable":true,"href":"https:\/\/www.aeplima.pt\/aeplima\/wp-json\/wp\/v2\/comments?post=7608"}],"version-history":[{"count":4,"href":"https:\/\/www.aeplima.pt\/aeplima\/wp-json\/wp\/v2\/pages\/7608\/revisions"}],"predecessor-version":[{"id":7814,"href":"https:\/\/www.aeplima.pt\/aeplima\/wp-json\/wp\/v2\/pages\/7608\/revisions\/7814"}],"wp:attachment":[{"href":"https:\/\/www.aeplima.pt\/aeplima\/wp-json\/wp\/v2\/media?parent=7608"}],"curies":[{"name":"wp","href":"https:\/\/api.w.org\/{rel}","templated":true}]}}