{"id":4059,"date":"2023-04-13T11:19:19","date_gmt":"2023-04-13T11:19:19","guid":{"rendered":"https:\/\/www.aeplima.pt\/aeplima\/?page_id=4059"},"modified":"2023-04-13T11:38:29","modified_gmt":"2023-04-13T11:38:29","slug":"plano-de-seguranca-digital-do-aepl","status":"publish","type":"page","link":"https:\/\/www.aeplima.pt\/aeplima\/plano-de-seguranca-digital-do-aepl\/","title":{"rendered":"Plano de Seguran\u00e7a Digital do AEPL"},"content":{"rendered":"\n<p class=\"has-text-align-center\">O Plano de Seguran\u00e7a Digital do AEPL surge da necessidade de repensar as normas e os procedimentos que sustentam a pol\u00edtica de seguran\u00e7a digital do Agrupamento, na sequ\u00eancia de uma crescente e generalizada utiliza\u00e7\u00e3o das plataformas, das ferramentas e dos dispositivos digitais que suportam a comunica\u00e7\u00e3o eletr\u00f3nica interna e externa entre todos os membros da comunidade educativa e a pr\u00f3pria atividade pedag\u00f3gica de professores e alunos. A Dire\u00e7\u00e3o do AEPL \u00e9 respons\u00e1vel pela elabora\u00e7\u00e3o e monitoriza\u00e7\u00e3o do Plano, em articula\u00e7\u00e3o com a Equipa de Desenvolvimento Digital (EDD) do AEPL (ou Equipa TIC) e com o Coordenador de Seguran\u00e7a Digital do AEPL.<\/p>\n\n\n\n<div data-wp-interactive=\"core\/file\" class=\"wp-block-file\"><object data-wp-bind--hidden=\"!state.hasPdfPreview\" hidden class=\"wp-block-file__embed\" data=\"https:\/\/www.aeplima.pt\/aeplima\/wp-content\/uploads\/2023\/04\/Plano-de-Seguranca-Digital-do-AEPL.pdf\" type=\"application\/pdf\" style=\"width:100%;height:600px\" aria-label=\"Incorpora\u00e7\u00e3o de Plano-de-Seguranca-Digital-do-AEPL.\"><\/object><a id=\"wp-block-file--media-72ce06af-5aed-4862-8bf4-947d4a88b18b\" href=\"https:\/\/www.aeplima.pt\/aeplima\/wp-content\/uploads\/2023\/04\/Plano-de-Seguranca-Digital-do-AEPL.pdf\">Plano-de-Seguranca-Digital-do-AEPL<\/a><a href=\"https:\/\/www.aeplima.pt\/aeplima\/wp-content\/uploads\/2023\/04\/Plano-de-Seguranca-Digital-do-AEPL.pdf\" class=\"wp-block-file__button wp-element-button\" download aria-describedby=\"wp-block-file--media-72ce06af-5aed-4862-8bf4-947d4a88b18b\">Descarregar<\/a><\/div>\n","protected":false},"excerpt":{"rendered":"<p>O Plano de Seguran\u00e7a Digital do AEPL surge da necessidade de repensar as normas e os procedimentos que sustentam a pol\u00edtica de seguran\u00e7a digital do Agrupamento, na sequ\u00eancia de uma crescente e generalizada utiliza\u00e7\u00e3o das plataformas, das ferramentas e dos dispositivos digitais que suportam a comunica\u00e7\u00e3o eletr\u00f3nica interna e externa entre todos os membros da [&hellip;]<\/p>\n","protected":false},"author":1,"featured_media":0,"parent":0,"menu_order":0,"comment_status":"closed","ping_status":"closed","template":"","meta":{"footnotes":""},"class_list":["post-4059","page","type-page","status-publish","hentry"],"_links":{"self":[{"href":"https:\/\/www.aeplima.pt\/aeplima\/wp-json\/wp\/v2\/pages\/4059","targetHints":{"allow":["GET"]}}],"collection":[{"href":"https:\/\/www.aeplima.pt\/aeplima\/wp-json\/wp\/v2\/pages"}],"about":[{"href":"https:\/\/www.aeplima.pt\/aeplima\/wp-json\/wp\/v2\/types\/page"}],"author":[{"embeddable":true,"href":"https:\/\/www.aeplima.pt\/aeplima\/wp-json\/wp\/v2\/users\/1"}],"replies":[{"embeddable":true,"href":"https:\/\/www.aeplima.pt\/aeplima\/wp-json\/wp\/v2\/comments?post=4059"}],"version-history":[{"count":2,"href":"https:\/\/www.aeplima.pt\/aeplima\/wp-json\/wp\/v2\/pages\/4059\/revisions"}],"predecessor-version":[{"id":4063,"href":"https:\/\/www.aeplima.pt\/aeplima\/wp-json\/wp\/v2\/pages\/4059\/revisions\/4063"}],"wp:attachment":[{"href":"https:\/\/www.aeplima.pt\/aeplima\/wp-json\/wp\/v2\/media?parent=4059"}],"curies":[{"name":"wp","href":"https:\/\/api.w.org\/{rel}","templated":true}]}}