{"id":3306,"date":"2023-04-06T15:41:45","date_gmt":"2023-04-06T15:41:45","guid":{"rendered":"https:\/\/www.aeplima.pt\/aeplima\/?page_id=3306"},"modified":"2025-05-13T09:51:06","modified_gmt":"2025-05-13T09:51:06","slug":"registos-dos-indicadores-eqavet","status":"publish","type":"page","link":"https:\/\/www.aeplima.pt\/aeplima\/registos-dos-indicadores-eqavet\/","title":{"rendered":"Registo dos indicadores EQAVET"},"content":{"rendered":"\n<div data-wp-interactive=\"core\/file\" class=\"wp-block-file\"><object data-wp-bind--hidden=\"!state.hasPdfPreview\" hidden class=\"wp-block-file__embed\" data=\"https:\/\/www.aeplima.pt\/aeplima\/wp-content\/uploads\/2025\/05\/Analise-Indicadores-EQAVET-2020-2023-ESPonte-de-Lima.pdf\" type=\"application\/pdf\" style=\"width:100%;height:600px\" aria-label=\"Incorpora\u00e7\u00e3o de An\u00e1lise Indicadores EQAVET (2020-2023) ESPonte de Lima.\"><\/object><a id=\"wp-block-file--media-2b8dc5c9-b603-4b5c-aa12-39661fbf279e\" href=\"https:\/\/www.aeplima.pt\/aeplima\/wp-content\/uploads\/2025\/05\/Analise-Indicadores-EQAVET-2020-2023-ESPonte-de-Lima.pdf\">An\u00e1lise Indicadores EQAVET (2020-2023) ESPonte de Lima<\/a><a href=\"https:\/\/www.aeplima.pt\/aeplima\/wp-content\/uploads\/2025\/05\/Analise-Indicadores-EQAVET-2020-2023-ESPonte-de-Lima.pdf\" class=\"wp-block-file__button wp-element-button\" download aria-describedby=\"wp-block-file--media-2b8dc5c9-b603-4b5c-aa12-39661fbf279e\">Descarregar<\/a><\/div>\n\n\n\n<div data-wp-interactive=\"core\/file\" class=\"wp-block-file\"><object data-wp-bind--hidden=\"!state.hasPdfPreview\" hidden class=\"wp-block-file__embed\" data=\"https:\/\/www.aeplima.pt\/aeplima\/wp-content\/uploads\/2024\/02\/Analise-Indicadores-EQAVET-2019-2022-ESPonte-de-Lima62693.pdf\" type=\"application\/pdf\" style=\"width:100%;height:600px\" aria-label=\"Incorpora\u00e7\u00e3o de Analise-Indicadores-EQAVET-2019-2022-ESPonte-de-Lima.\"><\/object><a id=\"wp-block-file--media-cb700003-a3a9-48ad-bc05-cba19c6ca8e6\" href=\"https:\/\/www.aeplima.pt\/aeplima\/wp-content\/uploads\/2024\/02\/Analise-Indicadores-EQAVET-2019-2022-ESPonte-de-Lima62693.pdf\">Analise-Indicadores-EQAVET-2019-2022-ESPonte-de-Lima<\/a><a href=\"https:\/\/www.aeplima.pt\/aeplima\/wp-content\/uploads\/2024\/02\/Analise-Indicadores-EQAVET-2019-2022-ESPonte-de-Lima62693.pdf\" class=\"wp-block-file__button wp-element-button\" download aria-describedby=\"wp-block-file--media-cb700003-a3a9-48ad-bc05-cba19c6ca8e6\">Descarregar<\/a><\/div>\n\n\n\n<div data-wp-interactive=\"core\/file\" class=\"wp-block-file\"><object data-wp-bind--hidden=\"!state.hasPdfPreview\" hidden class=\"wp-block-file__embed\" data=\"https:\/\/www.aeplima.pt\/aeplima\/wp-content\/uploads\/2023\/04\/Resumo-ANQEP-2018-2021.pdf\" type=\"application\/pdf\" style=\"width:100%;height:600px\" aria-label=\"Incorpora\u00e7\u00e3o de Resumo-ANQEP-2018-2021.\"><\/object><a id=\"wp-block-file--media-ea4ca6da-4eea-4f6a-b948-a9e5d0a39962\" href=\"https:\/\/www.aeplima.pt\/aeplima\/wp-content\/uploads\/2023\/04\/Resumo-ANQEP-2018-2021.pdf\">Resumo-ANQEP-2018-2021<\/a><a href=\"https:\/\/www.aeplima.pt\/aeplima\/wp-content\/uploads\/2023\/04\/Resumo-ANQEP-2018-2021.pdf\" class=\"wp-block-file__button wp-element-button\" download aria-describedby=\"wp-block-file--media-ea4ca6da-4eea-4f6a-b948-a9e5d0a39962\">Descarregar<\/a><\/div>\n\n\n\n<div data-wp-interactive=\"core\/file\" class=\"wp-block-file\"><object data-wp-bind--hidden=\"!state.hasPdfPreview\" hidden class=\"wp-block-file__embed\" data=\"https:\/\/www.aeplima.pt\/aeplima\/wp-content\/uploads\/2023\/04\/Resumo-ANQEP-2017-2020.pdf\" type=\"application\/pdf\" style=\"width:100%;height:600px\" aria-label=\"Incorpora\u00e7\u00e3o de Resumo-ANQEP-2017-2020.\"><\/object><a id=\"wp-block-file--media-964e5a02-d33d-431f-b79f-dad18b1fa7ea\" href=\"https:\/\/www.aeplima.pt\/aeplima\/wp-content\/uploads\/2023\/04\/Resumo-ANQEP-2017-2020.pdf\">Resumo-ANQEP-2017-2020<\/a><a href=\"https:\/\/www.aeplima.pt\/aeplima\/wp-content\/uploads\/2023\/04\/Resumo-ANQEP-2017-2020.pdf\" class=\"wp-block-file__button wp-element-button\" download aria-describedby=\"wp-block-file--media-964e5a02-d33d-431f-b79f-dad18b1fa7ea\">Descarregar<\/a><\/div>\n\n\n\n<div data-wp-interactive=\"core\/file\" class=\"wp-block-file\"><object data-wp-bind--hidden=\"!state.hasPdfPreview\" hidden class=\"wp-block-file__embed\" data=\"https:\/\/www.aeplima.pt\/aeplima\/wp-content\/uploads\/2023\/04\/Resumo-ANQEP-2016-2019.pdf\" type=\"application\/pdf\" style=\"width:100%;height:600px\" aria-label=\"Incorpora\u00e7\u00e3o de Resumo-ANQEP-2016-2019.\"><\/object><a id=\"wp-block-file--media-6add0ca5-874f-4844-b17c-7a0cd5f00550\" href=\"https:\/\/www.aeplima.pt\/aeplima\/wp-content\/uploads\/2023\/04\/Resumo-ANQEP-2016-2019.pdf\">Resumo-ANQEP-2016-2019<\/a><a href=\"https:\/\/www.aeplima.pt\/aeplima\/wp-content\/uploads\/2023\/04\/Resumo-ANQEP-2016-2019.pdf\" class=\"wp-block-file__button wp-element-button\" download aria-describedby=\"wp-block-file--media-6add0ca5-874f-4844-b17c-7a0cd5f00550\">Descarregar<\/a><\/div>\n\n\n\n<div data-wp-interactive=\"core\/file\" class=\"wp-block-file\"><object data-wp-bind--hidden=\"!state.hasPdfPreview\" hidden class=\"wp-block-file__embed\" data=\"https:\/\/www.aeplima.pt\/aeplima\/wp-content\/uploads\/2023\/04\/Resumo-ANQEP-2015-2018.pdf\" type=\"application\/pdf\" style=\"width:100%;height:600px\" aria-label=\"Incorpora\u00e7\u00e3o de Resumo-ANQEP-2015-2018.\"><\/object><a id=\"wp-block-file--media-288a32c3-0460-4a28-9198-1a015afec3c1\" href=\"https:\/\/www.aeplima.pt\/aeplima\/wp-content\/uploads\/2023\/04\/Resumo-ANQEP-2015-2018.pdf\">Resumo-ANQEP-2015-2018<\/a><a href=\"https:\/\/www.aeplima.pt\/aeplima\/wp-content\/uploads\/2023\/04\/Resumo-ANQEP-2015-2018.pdf\" class=\"wp-block-file__button wp-element-button\" download aria-describedby=\"wp-block-file--media-288a32c3-0460-4a28-9198-1a015afec3c1\">Descarregar<\/a><\/div>\n\n\n\n<div data-wp-interactive=\"core\/file\" class=\"wp-block-file\"><object data-wp-bind--hidden=\"!state.hasPdfPreview\" hidden class=\"wp-block-file__embed\" data=\"https:\/\/www.aeplima.pt\/aeplima\/wp-content\/uploads\/2023\/04\/Resumo-ANQEP-2014-2017.pdf\" type=\"application\/pdf\" style=\"width:100%;height:600px\" aria-label=\"Incorpora\u00e7\u00e3o de Resumo-ANQEP-2014-2017.\"><\/object><a id=\"wp-block-file--media-3459bed7-56f5-4cc9-a1e8-496490942dbb\" href=\"https:\/\/www.aeplima.pt\/aeplima\/wp-content\/uploads\/2023\/04\/Resumo-ANQEP-2014-2017.pdf\">Resumo-ANQEP-2014-2017<\/a><a href=\"https:\/\/www.aeplima.pt\/aeplima\/wp-content\/uploads\/2023\/04\/Resumo-ANQEP-2014-2017.pdf\" class=\"wp-block-file__button wp-element-button\" download aria-describedby=\"wp-block-file--media-3459bed7-56f5-4cc9-a1e8-496490942dbb\">Descarregar<\/a><\/div>\n","protected":false},"excerpt":{"rendered":"","protected":false},"author":1,"featured_media":0,"parent":0,"menu_order":0,"comment_status":"closed","ping_status":"closed","template":"","meta":{"footnotes":""},"class_list":["post-3306","page","type-page","status-publish","hentry"],"_links":{"self":[{"href":"https:\/\/www.aeplima.pt\/aeplima\/wp-json\/wp\/v2\/pages\/3306","targetHints":{"allow":["GET"]}}],"collection":[{"href":"https:\/\/www.aeplima.pt\/aeplima\/wp-json\/wp\/v2\/pages"}],"about":[{"href":"https:\/\/www.aeplima.pt\/aeplima\/wp-json\/wp\/v2\/types\/page"}],"author":[{"embeddable":true,"href":"https:\/\/www.aeplima.pt\/aeplima\/wp-json\/wp\/v2\/users\/1"}],"replies":[{"embeddable":true,"href":"https:\/\/www.aeplima.pt\/aeplima\/wp-json\/wp\/v2\/comments?post=3306"}],"version-history":[{"count":5,"href":"https:\/\/www.aeplima.pt\/aeplima\/wp-json\/wp\/v2\/pages\/3306\/revisions"}],"predecessor-version":[{"id":13583,"href":"https:\/\/www.aeplima.pt\/aeplima\/wp-json\/wp\/v2\/pages\/3306\/revisions\/13583"}],"wp:attachment":[{"href":"https:\/\/www.aeplima.pt\/aeplima\/wp-json\/wp\/v2\/media?parent=3306"}],"curies":[{"name":"wp","href":"https:\/\/api.w.org\/{rel}","templated":true}]}}