{"id":3304,"date":"2023-04-06T15:41:06","date_gmt":"2023-04-06T15:41:06","guid":{"rendered":"https:\/\/www.aeplima.pt\/aeplima\/?page_id=3304"},"modified":"2026-03-17T12:23:40","modified_gmt":"2026-03-17T12:23:40","slug":"documentos-estruturantes","status":"publish","type":"page","link":"https:\/\/www.aeplima.pt\/aeplima\/documentos-estruturantes\/","title":{"rendered":"Documentos Estruturantes"},"content":{"rendered":"\n<div data-wp-interactive=\"core\/file\" class=\"wp-block-file\"><object data-wp-bind--hidden=\"!state.hasPdfPreview\" hidden class=\"wp-block-file__embed\" data=\"https:\/\/www.aeplima.pt\/aeplima\/wp-content\/uploads\/2026\/03\/Plano-de-acao-revisao-e-melhoria-2025-2026-assinado.pdf\" type=\"application\/pdf\" style=\"width:100%;height:600px\" aria-label=\"Incorpora\u00e7\u00e3o de Plano de a\u00e7\u00e3o revis\u00e3o e melhoria 2025-2026.\"><\/object><a id=\"wp-block-file--media-979021a9-0045-4411-8d67-c7f7f31329b1\" href=\"https:\/\/www.aeplima.pt\/aeplima\/wp-content\/uploads\/2026\/03\/Plano-de-acao-revisao-e-melhoria-2025-2026-assinado.pdf\">Plano de a\u00e7\u00e3o revis\u00e3o e melhoria 2025-2026<\/a><a href=\"https:\/\/www.aeplima.pt\/aeplima\/wp-content\/uploads\/2026\/03\/Plano-de-acao-revisao-e-melhoria-2025-2026-assinado.pdf\" class=\"wp-block-file__button wp-element-button\" download aria-describedby=\"wp-block-file--media-979021a9-0045-4411-8d67-c7f7f31329b1\">Descarregar<\/a><\/div>\n\n\n\n<div data-wp-interactive=\"core\/file\" class=\"wp-block-file aligncenter\"><object data-wp-bind--hidden=\"!state.hasPdfPreview\" hidden class=\"wp-block-file__embed\" data=\"https:\/\/www.aeplima.pt\/aeplima\/wp-content\/uploads\/2025\/02\/Scan_2025_02_10_11_44_57_477.pdf\" type=\"application\/pdf\" style=\"width:100%;height:600px\" aria-label=\"Incorpora\u00e7\u00e3o de Scan_2025_02_10_11_44_57_477.\"><\/object><a id=\"wp-block-file--media-7a42fe42-1215-4ed6-8568-099a04189ce2\" href=\"https:\/\/www.aeplima.pt\/aeplima\/wp-content\/uploads\/2025\/02\/Scan_2025_02_10_11_44_57_477.pdf\">Scan_2025_02_10_11_44_57_477<\/a><a href=\"https:\/\/www.aeplima.pt\/aeplima\/wp-content\/uploads\/2025\/02\/Scan_2025_02_10_11_44_57_477.pdf\" class=\"wp-block-file__button wp-element-button\" download aria-describedby=\"wp-block-file--media-7a42fe42-1215-4ed6-8568-099a04189ce2\">Descarregar<\/a><\/div>\n\n\n\n<div data-wp-interactive=\"core\/file\" class=\"wp-block-file\"><object data-wp-bind--hidden=\"!state.hasPdfPreview\" hidden class=\"wp-block-file__embed\" data=\"https:\/\/www.aeplima.pt\/aeplima\/wp-content\/uploads\/2024\/02\/Plano-de-acao-23-24-assinado62694-1.pdf\" type=\"application\/pdf\" style=\"width:100%;height:600px\" aria-label=\"Incorpora\u00e7\u00e3o de Plano-de-Acao-e-Melhoria-ESPL-2023_2024.\"><\/object><a id=\"wp-block-file--media-d8ac7566-9b4f-40a7-a646-59871cc4fe7c\" href=\"https:\/\/www.aeplima.pt\/aeplima\/wp-content\/uploads\/2024\/02\/Plano-de-acao-23-24-assinado62694-1.pdf\">Plano-de-Acao-e-Melhoria-ESPL-2023_2024<\/a><a href=\"https:\/\/www.aeplima.pt\/aeplima\/wp-content\/uploads\/2024\/02\/Plano-de-acao-23-24-assinado62694-1.pdf\" class=\"wp-block-file__button wp-element-button\" download aria-describedby=\"wp-block-file--media-d8ac7566-9b4f-40a7-a646-59871cc4fe7c\">Descarregar<\/a><\/div>\n\n\n\n<div data-wp-interactive=\"core\/file\" class=\"wp-block-file\"><object data-wp-bind--hidden=\"!state.hasPdfPreview\" hidden class=\"wp-block-file__embed\" data=\"https:\/\/www.aeplima.pt\/aeplima\/wp-content\/uploads\/2023\/04\/Plano-de-Acao-e-Melhoria-ESPL-2022_2023-1.pdf\" type=\"application\/pdf\" style=\"width:100%;height:600px\" aria-label=\"Incorpora\u00e7\u00e3o de Plano-de-Acao-e-Melhoria-ESPL-2022_2023-1.\"><\/object><a id=\"wp-block-file--media-0e6414cc-c75c-417b-b3f7-79c1a4062545\" href=\"https:\/\/www.aeplima.pt\/aeplima\/wp-content\/uploads\/2023\/04\/Plano-de-Acao-e-Melhoria-ESPL-2022_2023-1.pdf\">Plano-de-Acao-e-Melhoria-ESPL-2022_2023-1<\/a><a href=\"https:\/\/www.aeplima.pt\/aeplima\/wp-content\/uploads\/2023\/04\/Plano-de-Acao-e-Melhoria-ESPL-2022_2023-1.pdf\" class=\"wp-block-file__button wp-element-button\" download aria-describedby=\"wp-block-file--media-0e6414cc-c75c-417b-b3f7-79c1a4062545\">Descarregar<\/a><\/div>\n\n\n\n<div data-wp-interactive=\"core\/file\" class=\"wp-block-file\"><object data-wp-bind--hidden=\"!state.hasPdfPreview\" hidden class=\"wp-block-file__embed\" data=\"https:\/\/www.aeplima.pt\/aeplima\/wp-content\/uploads\/2023\/04\/Relatorio-do-Operador-ESPL.pdf\" type=\"application\/pdf\" style=\"width:100%;height:600px\" aria-label=\"Incorpora\u00e7\u00e3o de Relatorio-do-Operador-ESPL.\"><\/object><a id=\"wp-block-file--media-afe0d94f-7a12-4412-9988-0a3c53187b2c\" href=\"https:\/\/www.aeplima.pt\/aeplima\/wp-content\/uploads\/2023\/04\/Relatorio-do-Operador-ESPL.pdf\">Relatorio-do-Operador-ESPL<\/a><a href=\"https:\/\/www.aeplima.pt\/aeplima\/wp-content\/uploads\/2023\/04\/Relatorio-do-Operador-ESPL.pdf\" class=\"wp-block-file__button wp-element-button\" download aria-describedby=\"wp-block-file--media-afe0d94f-7a12-4412-9988-0a3c53187b2c\">Descarregar<\/a><\/div>\n\n\n\n<div data-wp-interactive=\"core\/file\" class=\"wp-block-file\"><object data-wp-bind--hidden=\"!state.hasPdfPreview\" hidden class=\"wp-block-file__embed\" data=\"https:\/\/www.aeplima.pt\/aeplima\/wp-content\/uploads\/2023\/04\/Plano-de-Acao-EQAVET-ESPL-2020-2021.pdf\" type=\"application\/pdf\" style=\"width:100%;height:600px\" aria-label=\"Incorpora\u00e7\u00e3o de Plano-de-Acao-EQAVET-ESPL-2020-2021.\"><\/object><a id=\"wp-block-file--media-e97ba5f2-fb64-48a3-8669-71f1fc34c932\" href=\"https:\/\/www.aeplima.pt\/aeplima\/wp-content\/uploads\/2023\/04\/Plano-de-Acao-EQAVET-ESPL-2020-2021.pdf\">Plano-de-Acao-EQAVET-ESPL-2020-2021<\/a><a href=\"https:\/\/www.aeplima.pt\/aeplima\/wp-content\/uploads\/2023\/04\/Plano-de-Acao-EQAVET-ESPL-2020-2021.pdf\" class=\"wp-block-file__button wp-element-button\" download aria-describedby=\"wp-block-file--media-e97ba5f2-fb64-48a3-8669-71f1fc34c932\">Descarregar<\/a><\/div>\n\n\n\n<div data-wp-interactive=\"core\/file\" class=\"wp-block-file\"><object data-wp-bind--hidden=\"!state.hasPdfPreview\" hidden class=\"wp-block-file__embed\" data=\"https:\/\/www.aeplima.pt\/aeplima\/wp-content\/uploads\/2023\/04\/Documento-Base.pdf\" type=\"application\/pdf\" style=\"width:100%;height:600px\" aria-label=\"Incorpora\u00e7\u00e3o de Documento-Base.\"><\/object><a id=\"wp-block-file--media-ca1238d6-6230-42e4-b7f4-a84d0a35696b\" href=\"https:\/\/www.aeplima.pt\/aeplima\/wp-content\/uploads\/2023\/04\/Documento-Base.pdf\">Documento-Base<\/a><a href=\"https:\/\/www.aeplima.pt\/aeplima\/wp-content\/uploads\/2023\/04\/Documento-Base.pdf\" class=\"wp-block-file__button wp-element-button\" download aria-describedby=\"wp-block-file--media-ca1238d6-6230-42e4-b7f4-a84d0a35696b\">Descarregar<\/a><\/div>\n","protected":false},"excerpt":{"rendered":"","protected":false},"author":1,"featured_media":0,"parent":0,"menu_order":0,"comment_status":"closed","ping_status":"closed","template":"","meta":{"footnotes":""},"class_list":["post-3304","page","type-page","status-publish","hentry"],"_links":{"self":[{"href":"https:\/\/www.aeplima.pt\/aeplima\/wp-json\/wp\/v2\/pages\/3304","targetHints":{"allow":["GET"]}}],"collection":[{"href":"https:\/\/www.aeplima.pt\/aeplima\/wp-json\/wp\/v2\/pages"}],"about":[{"href":"https:\/\/www.aeplima.pt\/aeplima\/wp-json\/wp\/v2\/types\/page"}],"author":[{"embeddable":true,"href":"https:\/\/www.aeplima.pt\/aeplima\/wp-json\/wp\/v2\/users\/1"}],"replies":[{"embeddable":true,"href":"https:\/\/www.aeplima.pt\/aeplima\/wp-json\/wp\/v2\/comments?post=3304"}],"version-history":[{"count":7,"href":"https:\/\/www.aeplima.pt\/aeplima\/wp-json\/wp\/v2\/pages\/3304\/revisions"}],"predecessor-version":[{"id":15496,"href":"https:\/\/www.aeplima.pt\/aeplima\/wp-json\/wp\/v2\/pages\/3304\/revisions\/15496"}],"wp:attachment":[{"href":"https:\/\/www.aeplima.pt\/aeplima\/wp-json\/wp\/v2\/media?parent=3304"}],"curies":[{"name":"wp","href":"https:\/\/api.w.org\/{rel}","templated":true}]}}