{"id":12731,"date":"2025-02-14T14:36:45","date_gmt":"2025-02-14T14:36:45","guid":{"rendered":"https:\/\/www.aeplima.pt\/aeplima\/?page_id=12731"},"modified":"2025-02-14T14:36:47","modified_gmt":"2025-02-14T14:36:47","slug":"equipa","status":"publish","type":"page","link":"https:\/\/www.aeplima.pt\/aeplima\/equipa\/","title":{"rendered":"Equipa"},"content":{"rendered":"\n<p><strong>Coordenador LED e equipa de apoio<\/strong><\/p>\n\n\n\n<ol class=\"wp-block-list\">\n<li>De forma a assegurar a gest\u00e3o dos LED, foi nomeado o professor Maur\u00edcio Pereira de Brito como Coordenador respons\u00e1vel pela rece\u00e7\u00e3o, confer\u00eancia e instala\u00e7\u00e3o de todos os equipamentos entregues no AEPL e pela rentabiliza\u00e7\u00e3o pedag\u00f3gica da utiliza\u00e7\u00e3o destes equipamentos, assim como assegurar os procedimentos aplic\u00e1veis no \u00e2mbito da garantia junto dos fornecedores.<\/li>\n<\/ol>\n\n\n\n<ul class=\"wp-block-list\">\n<li>O Coordenador LED \u00e9 a pessoa de contacto junto da Secretaria-Geral da Educa\u00e7\u00e3o e Ci\u00eancia (SGEC) e da Dire\u00e7\u00e3o-Geral da Educa\u00e7\u00e3o (DGE).<\/li>\n<\/ul>\n\n\n\n<ul class=\"wp-block-list\">\n<li>Adicionalmente, a escola constituiu uma equipa de trabalho respons\u00e1vel pela integra\u00e7\u00e3o curricular dos LED, integrando representantes dos diversos grupos de departamento, tendo no per\u00edodo de 2024 \u2013 2025 a seguinte constitui\u00e7\u00e3o:<\/li>\n<\/ul>\n\n\n\n<p class=\"has-small-font-size\">\u27a2 Coordenador EDD \u2013 Maur\u00edcio Brito<br>\u27a2 Coordenadora da Biblioteca &#8211; Maria de Lurdes Teixeira<br>\u27a2 Diretor de Curso Profissional T\u00e9cnico de Instala\u00e7\u00f5es El\u00e9tricas- Ac\u00e1cio Cerqueira<br>\u27a2 Clube Ci\u00eancia Viva &#8211; Ant\u00f3nio Capela<br>\u27a2 Diretor do Curso Profissional de T\u00e9cnico de Eletromec\u00e2nica variante Manuten\u00e7\u00e3o Industrial &#8211; Carlos Urbano Rodrigues<br>\u27a2 Equipa de Desenvolvimento Digital &#8211; Catarina Coelho<br>\u27a2 Coordenador Departamento de Ci\u00eancias Experimentais &#8211; Daniel Ara\u00fajo<br>\u27a2 Equipa de Desenvolvimento Digital &#8211; Germano Moure<br>\u27a2 Curso Profissional T\u00e9cnico de Instala\u00e7\u00f5es El\u00e9tricas &#8211; H\u00e9lder Cerqueira<br>\u27a2 Coordenador do Projeto Cultural de Escola &#8211; Hugo Brites<br>\u27a2 Curso Profissional T\u00e9cnico de Instala\u00e7\u00f5es El\u00e9tricas &#8211; M\u00e1rcio Manuel Costa<br>\u27a2 Equipa de Desenvolvimento Digital &#8211; Ricardo Ponto<br>\u27a2 Equipa de Desenvolvimento Digital &#8211; Victor Marinho<\/p>\n\n\n\n<p><\/p>\n","protected":false},"excerpt":{"rendered":"<p>Coordenador LED e equipa de apoio \u27a2 Coordenador EDD \u2013 Maur\u00edcio Brito\u27a2 Coordenadora da Biblioteca &#8211; Maria de Lurdes Teixeira\u27a2 Diretor de Curso Profissional T\u00e9cnico de Instala\u00e7\u00f5es El\u00e9tricas- Ac\u00e1cio Cerqueira\u27a2 Clube Ci\u00eancia Viva &#8211; Ant\u00f3nio Capela\u27a2 Diretor do Curso Profissional de T\u00e9cnico de Eletromec\u00e2nica variante Manuten\u00e7\u00e3o Industrial &#8211; Carlos Urbano Rodrigues\u27a2 Equipa de Desenvolvimento Digital [&hellip;]<\/p>\n","protected":false},"author":6,"featured_media":0,"parent":0,"menu_order":0,"comment_status":"closed","ping_status":"closed","template":"","meta":{"footnotes":""},"class_list":["post-12731","page","type-page","status-publish","hentry"],"_links":{"self":[{"href":"https:\/\/www.aeplima.pt\/aeplima\/wp-json\/wp\/v2\/pages\/12731","targetHints":{"allow":["GET"]}}],"collection":[{"href":"https:\/\/www.aeplima.pt\/aeplima\/wp-json\/wp\/v2\/pages"}],"about":[{"href":"https:\/\/www.aeplima.pt\/aeplima\/wp-json\/wp\/v2\/types\/page"}],"author":[{"embeddable":true,"href":"https:\/\/www.aeplima.pt\/aeplima\/wp-json\/wp\/v2\/users\/6"}],"replies":[{"embeddable":true,"href":"https:\/\/www.aeplima.pt\/aeplima\/wp-json\/wp\/v2\/comments?post=12731"}],"version-history":[{"count":1,"href":"https:\/\/www.aeplima.pt\/aeplima\/wp-json\/wp\/v2\/pages\/12731\/revisions"}],"predecessor-version":[{"id":12732,"href":"https:\/\/www.aeplima.pt\/aeplima\/wp-json\/wp\/v2\/pages\/12731\/revisions\/12732"}],"wp:attachment":[{"href":"https:\/\/www.aeplima.pt\/aeplima\/wp-json\/wp\/v2\/media?parent=12731"}],"curies":[{"name":"wp","href":"https:\/\/api.w.org\/{rel}","templated":true}]}}