{"id":11433,"date":"2024-10-29T09:15:53","date_gmt":"2024-10-29T09:15:53","guid":{"rendered":"https:\/\/www.aeplima.pt\/aeplima\/?page_id=11433"},"modified":"2024-10-29T09:15:54","modified_gmt":"2024-10-29T09:15:54","slug":"formacao-continua-de-docentes","status":"publish","type":"page","link":"https:\/\/www.aeplima.pt\/aeplima\/formacao-continua-de-docentes\/","title":{"rendered":"Forma\u00e7\u00e3o Cont\u00ednua de Docentes"},"content":{"rendered":"\n<div data-wp-interactive=\"core\/file\" class=\"wp-block-file\"><object data-wp-bind--hidden=\"!state.hasPdfPreview\" hidden class=\"wp-block-file__embed\" data=\"https:\/\/www.aeplima.pt\/aeplima\/wp-content\/uploads\/2024\/10\/Guiao-Formacao-Docente.pdf\" type=\"application\/pdf\" style=\"width:100%;height:600px\" aria-label=\"Incorpora\u00e7\u00e3o de Gui\u00e3o Forma\u00e7\u00e3o Docente.\"><\/object><a id=\"wp-block-file--media-80048a2a-9168-4984-8a42-1a4778efbf4a\" href=\"https:\/\/www.aeplima.pt\/aeplima\/wp-content\/uploads\/2024\/10\/Guiao-Formacao-Docente.pdf\">Gui\u00e3o Forma\u00e7\u00e3o Docente<\/a><\/div>\n","protected":false},"excerpt":{"rendered":"","protected":false},"author":6,"featured_media":0,"parent":0,"menu_order":0,"comment_status":"closed","ping_status":"closed","template":"","meta":{"footnotes":""},"class_list":["post-11433","page","type-page","status-publish","hentry"],"_links":{"self":[{"href":"https:\/\/www.aeplima.pt\/aeplima\/wp-json\/wp\/v2\/pages\/11433","targetHints":{"allow":["GET"]}}],"collection":[{"href":"https:\/\/www.aeplima.pt\/aeplima\/wp-json\/wp\/v2\/pages"}],"about":[{"href":"https:\/\/www.aeplima.pt\/aeplima\/wp-json\/wp\/v2\/types\/page"}],"author":[{"embeddable":true,"href":"https:\/\/www.aeplima.pt\/aeplima\/wp-json\/wp\/v2\/users\/6"}],"replies":[{"embeddable":true,"href":"https:\/\/www.aeplima.pt\/aeplima\/wp-json\/wp\/v2\/comments?post=11433"}],"version-history":[{"count":1,"href":"https:\/\/www.aeplima.pt\/aeplima\/wp-json\/wp\/v2\/pages\/11433\/revisions"}],"predecessor-version":[{"id":11435,"href":"https:\/\/www.aeplima.pt\/aeplima\/wp-json\/wp\/v2\/pages\/11433\/revisions\/11435"}],"wp:attachment":[{"href":"https:\/\/www.aeplima.pt\/aeplima\/wp-json\/wp\/v2\/media?parent=11433"}],"curies":[{"name":"wp","href":"https:\/\/api.w.org\/{rel}","templated":true}]}}