{"id":10214,"date":"2024-05-24T10:20:32","date_gmt":"2024-05-24T10:20:32","guid":{"rendered":"https:\/\/www.aeplima.pt\/aeplima\/?page_id=10214"},"modified":"2024-05-24T10:22:21","modified_gmt":"2024-05-24T10:22:21","slug":"a-psi-responde","status":"publish","type":"page","link":"https:\/\/www.aeplima.pt\/aeplima\/a-psi-responde\/","title":{"rendered":"A Psi Responde"},"content":{"rendered":"\n<p>O SPO \u2013 Servi\u00e7o de Psicologia e Orienta\u00e7\u00e3o do AEPL criou uma nova forma de contacto com os alunos denominada <strong><a href=\"mailto:a_psi_responde@aeplima.pt\">a_psi_responde@aeplima.pt<\/a><\/strong>, tendo como objetivo promover e alargar o contacto com o SPO. Assim, de uma forma direta e confidencial, os alunos poder\u00e3o colocar as suas d\u00favidas, anseios e\/ou pedir informa\u00e7\u00f5es sobre v\u00e1rias tem\u00e1ticas, desde a sa\u00fade mental \u00e0 orienta\u00e7\u00e3o vocacional.<\/p>\n\n\n\n<p>N\u00e3o hesitem em utilizar esta nova ferramenta de contacto com o SPO do nosso agrupamento <strong><a href=\"mailto:a_psi_responde@aeplima.pt\">a_psi_responde@aeplima.pt<\/a><\/strong><\/p>\n\n\n\n<p>Estamos aqui para ti!<\/p>\n\n\n\n<p><strong>As psis<\/strong><\/p>\n\n\n\n<p>C\u00e9lia Duarte, Ivone de Lourdes e B\u00e1rbara Silva<\/p>\n\n\n<div class=\"wp-block-image\">\n<figure class=\"aligncenter size-full\"><img loading=\"lazy\" decoding=\"async\" width=\"269\" height=\"479\" src=\"https:\/\/www.aeplima.pt\/aeplima\/wp-content\/uploads\/2024\/05\/Imagem1.jpg\" alt=\"\" class=\"wp-image-10212\" srcset=\"https:\/\/www.aeplima.pt\/aeplima\/wp-content\/uploads\/2024\/05\/Imagem1.jpg 269w, https:\/\/www.aeplima.pt\/aeplima\/wp-content\/uploads\/2024\/05\/Imagem1-168x300.jpg 168w\" sizes=\"auto, (max-width: 269px) 100vw, 269px\" \/><\/figure>\n<\/div>","protected":false},"excerpt":{"rendered":"<p>O SPO \u2013 Servi\u00e7o de Psicologia e Orienta\u00e7\u00e3o do AEPL criou uma nova forma de contacto com os alunos denominada a_psi_responde@aeplima.pt, tendo como objetivo promover e alargar o contacto com o SPO. Assim, de uma forma direta e confidencial, os alunos poder\u00e3o colocar as suas d\u00favidas, anseios e\/ou pedir informa\u00e7\u00f5es sobre v\u00e1rias tem\u00e1ticas, desde a [&hellip;]<\/p>\n","protected":false},"author":1,"featured_media":0,"parent":0,"menu_order":0,"comment_status":"closed","ping_status":"closed","template":"","meta":{"footnotes":""},"class_list":["post-10214","page","type-page","status-publish","hentry"],"_links":{"self":[{"href":"https:\/\/www.aeplima.pt\/aeplima\/wp-json\/wp\/v2\/pages\/10214","targetHints":{"allow":["GET"]}}],"collection":[{"href":"https:\/\/www.aeplima.pt\/aeplima\/wp-json\/wp\/v2\/pages"}],"about":[{"href":"https:\/\/www.aeplima.pt\/aeplima\/wp-json\/wp\/v2\/types\/page"}],"author":[{"embeddable":true,"href":"https:\/\/www.aeplima.pt\/aeplima\/wp-json\/wp\/v2\/users\/1"}],"replies":[{"embeddable":true,"href":"https:\/\/www.aeplima.pt\/aeplima\/wp-json\/wp\/v2\/comments?post=10214"}],"version-history":[{"count":2,"href":"https:\/\/www.aeplima.pt\/aeplima\/wp-json\/wp\/v2\/pages\/10214\/revisions"}],"predecessor-version":[{"id":10217,"href":"https:\/\/www.aeplima.pt\/aeplima\/wp-json\/wp\/v2\/pages\/10214\/revisions\/10217"}],"wp:attachment":[{"href":"https:\/\/www.aeplima.pt\/aeplima\/wp-json\/wp\/v2\/media?parent=10214"}],"curies":[{"name":"wp","href":"https:\/\/api.w.org\/{rel}","templated":true}]}}