{"id":10137,"date":"2024-05-14T13:46:06","date_gmt":"2024-05-14T13:46:06","guid":{"rendered":"https:\/\/www.aeplima.pt\/aeplima\/?page_id=10137"},"modified":"2024-05-14T16:36:09","modified_gmt":"2024-05-14T16:36:09","slug":"avaliacao-doa-diretora-do-aepl","status":"publish","type":"page","link":"https:\/\/www.aeplima.pt\/aeplima\/avaliacao-doa-diretora-do-aepl\/","title":{"rendered":"Avalia\u00e7\u00e3o do(a) Diretor(a) do AEPL"},"content":{"rendered":"\n<div class=\"wp-block-columns is-layout-flex wp-container-core-columns-is-layout-9d6595d7 wp-block-columns-is-layout-flex\">\n<div class=\"wp-block-column is-layout-flow wp-block-column-is-layout-flow\">\n<div class=\"wp-block-file\"><a id=\"wp-block-file--media-5215a18c-7fbc-4739-87c9-6dd1e3978278\" href=\"https:\/\/www.aeplima.pt\/aeplima\/wp-content\/uploads\/2024\/05\/Regulamento-da-Avaliacao-de-Desempenho-doa-Diretora.pdf\">Regulamento da Avalia\u00e7\u00e3o de Desempenho do(a) Diretor(a)<\/a><\/div>\n<\/div>\n\n\n\n<div class=\"wp-block-column is-layout-flow wp-block-column-is-layout-flow\">\n<div class=\"wp-block-file\"><a id=\"wp-block-file--media-1190ba32-2fd0-40bb-88d8-de6c9df34704\" href=\"https:\/\/www.aeplima.pt\/aeplima\/wp-content\/uploads\/2024\/05\/Criterios-da-Avaliacao-de-Desempenho-doa-Diretora.pdf\">Crit\u00e9rios da Avalia\u00e7\u00e3o de Desempenho do(a) Diretor(a)<\/a><\/div>\n<\/div>\n<\/div>\n\n\n\n<div class=\"wp-block-columns is-layout-flex wp-container-core-columns-is-layout-9d6595d7 wp-block-columns-is-layout-flex\">\n<div class=\"wp-block-column is-layout-flow wp-block-column-is-layout-flow\">\n<div class=\"wp-block-file\"><a id=\"wp-block-file--media-5bd8d825-5640-4742-b9d2-33061aab193a\" href=\"https:\/\/www.aeplima.pt\/aeplima\/wp-content\/uploads\/2024\/05\/Relatorio-de-Autoavaliacao-Critica-doa-Diretora.pdf\">Relat\u00f3rio de Autoavalia\u00e7\u00e3o Cr\u00edtica do(a) Diretor(a)<\/a><\/div>\n<\/div>\n\n\n\n<div class=\"wp-block-column is-layout-flow wp-block-column-is-layout-flow\"><\/div>\n<\/div>\n","protected":false},"excerpt":{"rendered":"","protected":false},"author":1,"featured_media":0,"parent":0,"menu_order":0,"comment_status":"closed","ping_status":"closed","template":"","meta":{"footnotes":""},"class_list":["post-10137","page","type-page","status-publish","hentry"],"_links":{"self":[{"href":"https:\/\/www.aeplima.pt\/aeplima\/wp-json\/wp\/v2\/pages\/10137","targetHints":{"allow":["GET"]}}],"collection":[{"href":"https:\/\/www.aeplima.pt\/aeplima\/wp-json\/wp\/v2\/pages"}],"about":[{"href":"https:\/\/www.aeplima.pt\/aeplima\/wp-json\/wp\/v2\/types\/page"}],"author":[{"embeddable":true,"href":"https:\/\/www.aeplima.pt\/aeplima\/wp-json\/wp\/v2\/users\/1"}],"replies":[{"embeddable":true,"href":"https:\/\/www.aeplima.pt\/aeplima\/wp-json\/wp\/v2\/comments?post=10137"}],"version-history":[{"count":3,"href":"https:\/\/www.aeplima.pt\/aeplima\/wp-json\/wp\/v2\/pages\/10137\/revisions"}],"predecessor-version":[{"id":10146,"href":"https:\/\/www.aeplima.pt\/aeplima\/wp-json\/wp\/v2\/pages\/10137\/revisions\/10146"}],"wp:attachment":[{"href":"https:\/\/www.aeplima.pt\/aeplima\/wp-json\/wp\/v2\/media?parent=10137"}],"curies":[{"name":"wp","href":"https:\/\/api.w.org\/{rel}","templated":true}]}}